{"id":1911,"date":"2024-03-20T12:53:37","date_gmt":"2024-03-20T11:53:37","guid":{"rendered":"https:\/\/www.wibbo.it\/?page_id=1911"},"modified":"2026-02-20T22:14:19","modified_gmt":"2026-02-20T21:14:19","slug":"wibbo","status":"publish","type":"page","link":"https:\/\/www.wibbo.de\/?page_id=1911","title":{"rendered":"Wibbo"},"content":{"rendered":"\t\t<div data-elementor-type=\"wp-page\" data-elementor-id=\"1911\" class=\"elementor elementor-1911\">\r\n\t\t\t\t<div class=\"elementor-element elementor-element-2588fca3 e-con-full e-flex e-con e-parent\" data-id=\"2588fca3\" data-element_type=\"container\" data-settings=\"{&quot;background_background&quot;:&quot;classic&quot;}\" data-core-v316-plus=\"true\">\r\n\t\t\t\t<div class=\"elementor-element elementor-element-7e444d02 elementor-widget__width-initial elementor-widget elementor-widget-heading\" data-id=\"7e444d02\" data-element_type=\"widget\" data-widget_type=\"heading.default\">\r\n\t\t\t\t<div class=\"elementor-widget-container\">\r\n\t\t\t<style>\/*! elementor - v3.20.0 - 13-03-2024 *\/\n.elementor-heading-title{padding:0;margin:0;line-height:1}.elementor-widget-heading .elementor-heading-title[class*=elementor-size-]>a{color:inherit;font-size:inherit;line-height:inherit}.elementor-widget-heading .elementor-heading-title.elementor-size-small{font-size:15px}.elementor-widget-heading .elementor-heading-title.elementor-size-medium{font-size:19px}.elementor-widget-heading .elementor-heading-title.elementor-size-large{font-size:29px}.elementor-widget-heading .elementor-heading-title.elementor-size-xl{font-size:39px}.elementor-widget-heading .elementor-heading-title.elementor-size-xxl{font-size:59px}<\/style><h2 class=\"elementor-heading-title elementor-size-default\">Individuelle IT-L\u00f6sungen.<br \/>Effizient und zuverl\u00e4ssig.<\/h2>\t\t<\/div>\r\n\t\t\t\t<\/div>\r\n\t\t\t\t<div class=\"elementor-element elementor-element-67d41454 elementor-align-center elementor-widget elementor-widget-button\" data-id=\"67d41454\" data-element_type=\"widget\" data-widget_type=\"button.default\">\r\n\t\t\t\t<div class=\"elementor-widget-container\">\r\n\t\t\t\t\t<div class=\"elementor-button-wrapper\">\r\n\t\t\t<a class=\"elementor-button elementor-button-link elementor-size-sm\" href=\"tel:+4923739466666\">\r\n\t\t\t\t\t\t<span class=\"elementor-button-content-wrapper\">\r\n\t\t\t\t\t\t<span class=\"elementor-button-text\">+49 (0) 2373 94 66 66 6<\/span>\r\n\t\t<\/span>\r\n\t\t\t\t\t<\/a>\r\n\t\t<\/div>\r\n\t\t\t\t<\/div>\r\n\t\t\t\t<\/div>\r\n\t\t\t\t<\/div>\r\n\t\t<div class=\"elementor-element elementor-element-a071e77 e-flex e-con-boxed e-con e-parent\" data-id=\"a071e77\" data-element_type=\"container\" data-core-v316-plus=\"true\">\r\n\t\t\t\t\t<div class=\"e-con-inner\">\r\n\t\t\t\t<div class=\"elementor-element elementor-element-884fc48 elementor-widget elementor-widget-heading\" data-id=\"884fc48\" data-element_type=\"widget\" data-widget_type=\"heading.default\">\r\n\t\t\t\t<div class=\"elementor-widget-container\">\r\n\t\t\t<h2 class=\"elementor-heading-title elementor-size-default\">Wibbo IT-Service<\/h2>\t\t<\/div>\r\n\t\t\t\t<\/div>\r\n\t\t\t\t<div class=\"elementor-element elementor-element-88748cc elementor-widget elementor-widget-text-editor\" data-id=\"88748cc\" data-element_type=\"widget\" data-widget_type=\"text-editor.default\">\r\n\t\t\t\t<div class=\"elementor-widget-container\">\r\n\t\t\t<style>\/*! elementor - v3.20.0 - 13-03-2024 *\/\n.elementor-widget-text-editor.elementor-drop-cap-view-stacked .elementor-drop-cap{background-color:#69727d;color:#fff}.elementor-widget-text-editor.elementor-drop-cap-view-framed .elementor-drop-cap{color:#69727d;border:3px solid;background-color:transparent}.elementor-widget-text-editor:not(.elementor-drop-cap-view-default) .elementor-drop-cap{margin-top:8px}.elementor-widget-text-editor:not(.elementor-drop-cap-view-default) .elementor-drop-cap-letter{width:1em;height:1em}.elementor-widget-text-editor .elementor-drop-cap{float:left;text-align:center;line-height:1;font-size:50px}.elementor-widget-text-editor .elementor-drop-cap-letter{display:inline-block}<\/style>\t\t\t\t<p>Die Firma Wibbo IT-Service wurde zun\u00e4chst als Einzelunternehmen 2005 gegr\u00fcndet.<br \/>Seit der Gr\u00fcndung absolvierten bei uns jedes Jahr Sch\u00fclerinnen und Sch\u00fcler ein mehrw\u00f6chiges Betriebspraktikum.<br \/>Zudem konnten als anerkannter Ausbildungebetrieb mehreren Auszubildenden im IT-Bereich die Grundlagen und praktische Erfahrungen vermittelt werden.<\/p><p>2023 wurde das Einzelunternehmen aufgel\u00f6st. Im Anschluss kam es zur Gr\u00fcndung der Kapitalgesellschaft Wibbo IT-Service UG.<\/p><p>Durch die betriebliche Neuaufstellung sind wir heute noch besser in der Lage, unsere Kunden professionell zu beraten und zu betreuen.<\/p>\t\t\t\t\t\t<\/div>\r\n\t\t\t\t<\/div>\r\n\t\t\t\t\t<\/div>\r\n\t\t\t\t<\/div>\r\n\t\t<div class=\"elementor-element elementor-element-b3aa79e e-flex e-con-boxed e-con e-parent\" data-id=\"b3aa79e\" data-element_type=\"container\" data-core-v316-plus=\"true\">\r\n\t\t\t\t\t<div class=\"e-con-inner\">\r\n\t\t\t\t<div class=\"elementor-element elementor-element-9a2cba2 elementor-widget elementor-widget-heading\" data-id=\"9a2cba2\" data-element_type=\"widget\" data-widget_type=\"heading.default\">\r\n\t\t\t\t<div class=\"elementor-widget-container\">\r\n\t\t\t<h2 class=\"elementor-heading-title elementor-size-default\">Wir sind f\u00fcr Sie da.<\/h2>\t\t<\/div>\r\n\t\t\t\t<\/div>\r\n\t\t\t\t\t<\/div>\r\n\t\t\t\t<\/div>\r\n\t\t<div class=\"elementor-element elementor-element-1bd83c2 e-con-full e-flex e-con e-parent\" data-id=\"1bd83c2\" data-element_type=\"container\" data-core-v316-plus=\"true\">\r\n\t\t\t\t<div class=\"elementor-element elementor-element-8aad642 elementor-widget elementor-widget-html\" data-id=\"8aad642\" data-element_type=\"widget\" data-widget_type=\"html.default\">\r\n\t\t\t\t<div class=\"elementor-widget-container\">\r\n\t\t\t\n<dl style=\"clear:both;margin-top:5rem;margin-bottom:10rem;\">\n    <dt style=\"width:auto;float:left;margin-right:3rem;\">\n        <img decoding=\"async\" src=\"wp-content\/uploads\/elementor\/thumbs\/jr-scaled-qkhbc7wk25s5sfg0j62s1n8zg1dtytglwa8jyj8bww.jpg\" alt=\"Jan Rendenbach\" style=\"width:15rem;\" \/>\n    <\/dt>\n    <dd style=\"background-color:#016AB3;padding:2rem;color:#ffffff;width:30rem;float:left;margin-right:3rem;\">\n        <b>Jan W. Rendenbach<\/b><br \/>\n        <span style=\"font-size:small;\">Gesch\u00e4ftsf\u00fchrer<\/span><br \/><br \/>\n        \u2706 02373 - 94 666 61<br \/><br \/>\n        \u2709 jr@wibbo.de\n        \n        <\/dd>\n    <dd style=\"width:54vw;float:left;border:#016ab3 solid 1px;padding:2rem;color:#7a7a7a;\">\n        <strong>\u201c<\/strong>Nach dem Abitur in Menden, der Ausbildung zum IT-Systemelektroniker bei Siemens (Duisburg, D\u00fcsseldorf, Dortmund), dem Studium der Wirtschaftsinformatik (M\u00fcnster, Essen) und der Elektrotechnik (Duisburg) habe ich praktische Erfahrungen in einigen IT-Systemh\u00e4usern im Ruhrgebiet gesammelt.<br \/>\n        Die Liebe und Leidenschaft zur Heimat zog mich aber sehr bald wieder zur\u00fcck ins Sauerland. Die Heimkehr und die anschlie\u00dfende Selbst\u00e4ndigkeit geh\u00f6ren zu den besten Entscheidungen meines Lebens.<strong>\u201d<\/strong>\n    <\/dd>\n<\/dl>\n\n\n\n\n\n\n\n\n<dl style=\"clear:both;margin-top:5rem;margin-bottom:10rem;\">\n    <dt style=\"width:auto;float:left;margin-right:3rem;\">\n        <img decoding=\"async\" src=\"wp-content\/uploads\/2024\/02\/Nikos-Macho.jpg\" alt=\"Nikolas Stavros Kampourakis\" style=\"width:15rem;\" \/>\n    <\/dt>\n    <dd style=\"background-color:#016AB3;padding:2rem;color:#ffffff;width:30rem;float:left;margin-right:3rem;\">\n        <b>Nikolas S. Kampourakis<\/b><br \/>\n        <span style=\"font-size:small;\">Fachinformatiker<\/span><br \/><br \/>\n        \u2706 02373 - 94 666 63<br \/><br \/>\n        \u2709 nk@wibbo.de<\/dd>\n    <dd style=\"width:54vw;float:left;border:#016ab3 solid 1px;padding:2rem;color:#7a7a7a;\">\n        <strong>\u201c<\/strong>Mein Interesse an Technologie wurde bereits in meiner Kindheit geweckt, als ich zum ersten Mal die Welt erblickte.<br \/>\n        Dieser fr\u00fche Kontakt mit Technologie faszinierte mich so sehr, dass ich mich entschied, in Griechenland eine Ausbildung zum Computer-Elektroniker zu absolvieren.\n        Im Jahr 2012 zog es mich nach Deutschland, wo ich meine berufliche Laufbahn fortsetzte.<br \/>\n        Nun, im Alter von 35 Jahren, habe ich mich dazu entschlossen, einen weiteren Schritt in meiner Karriere zu machen.\n        Aus diesem Grund habe ich mich dazu entschieden, eine Umschulung zum IT-Administrator zu beginnen.\n        Diese Entscheidung resultiert aus meinem fortw\u00e4hrenden Interesse an Technologie und meinem Wunsch, mein Fachwissen und meine F\u00e4higkeiten weiter zu vertiefen.<strong>\u201d<\/strong>\n    <\/dd>\n<\/dl>\n\n\n\n\n<dl style=\"clear:both;margin-top:5rem;margin-bottom:10rem;\">\n    <dt style=\"width:auto;float:left;margin-right:3rem;\">\n        <img decoding=\"async\" src=\"wp-content\/uploads\/2024\/02\/niklas.jpg\" alt=\"Jan-Niklas Spigiel\" style=\"width:15rem;\" \/>\n    <\/dt>\n    <dd style=\"background-color:#016AB3;padding:2rem;color:#ffffff;width:30rem;float:left;margin-right:3rem;\">\n        <b>Jan-Niklas Spigiel<\/b><br \/>\n        <span style=\"font-size:small;\">Fachinformatiker<\/span><br \/><br \/>\n        \u2706 02373 - 94 666 64<br \/><br \/>\n        \u2709 ns@wibbo.de       <\/dd>\n    <dd style=\"width:54vw;float:left;border:#016ab3 solid 1px;padding:2rem;color:#7a7a7a;\">\n        <strong>\u201c<\/strong>Als Jugendlicher entdeckte ich bereits meine Begeisterung f\u00fcr Technologie und Computer. \u00c4hnlich wie Daniel D\u00fcsentrieb faszinierte es mich, Ger\u00e4te auseinanderzunehmen, zu verstehen und wieder zusammenzusetzen. <br \/>\n        W\u00e4hrend meiner \u00fcber zehnj\u00e4hrigen T\u00e4tigkeit in der Metallbranche wuchs in mir der Wunsch, meine Leidenschaft f\u00fcr IT und Technik zum Beruf zu machen. Die Idee, Probleme zu l\u00f6sen und innovative L\u00f6sungen zu entwickeln, zog mich stets an. <br \/>Heute bin ich stolz darauf, meine Leidenschaft in meiner Arbeit als IT-Dienstleister ausleben zu k\u00f6nnen.<strong>\u201d<\/strong>\n    <\/dd>\n<\/dl>\t\t<\/div>\r\n\t\t\t\t<\/div>\r\n\t\t\t\t<\/div>\r\n\t\t<div class=\"elementor-element elementor-element-3fb7963c e-flex e-con-boxed e-con e-parent\" data-id=\"3fb7963c\" data-element_type=\"container\" data-settings=\"{&quot;background_background&quot;:&quot;classic&quot;}\" data-core-v316-plus=\"true\">\r\n\t\t\t\t\t<div class=\"e-con-inner\">\r\n\t\t<div class=\"elementor-element elementor-element-3063a137 e-con-full e-flex e-con e-child\" data-id=\"3063a137\" data-element_type=\"container\">\r\n\t\t\t\t<div class=\"elementor-element elementor-element-d6aa5a7 elementor-widget elementor-widget-text-editor\" data-id=\"d6aa5a7\" data-element_type=\"widget\" data-widget_type=\"text-editor.default\">\r\n\t\t\t\t<div class=\"elementor-widget-container\">\r\n\t\t\t\t\t\t\t<p style=\"text-align: left;\">Wibbo IT-Service UG<\/p><p>mail@wibbo.de<\/p><p>+49 2373 94 666 66<\/p>\t\t\t\t\t\t<\/div>\r\n\t\t\t\t<\/div>\r\n\t\t\t\t<\/div>\r\n\t\t<div class=\"elementor-element elementor-element-1e2b77b7 e-con-full e-flex e-con e-child\" data-id=\"1e2b77b7\" data-element_type=\"container\">\r\n\t\t\t\t<div class=\"elementor-element elementor-element-974ae2e elementor-align-left elementor-widget elementor-widget-button\" data-id=\"974ae2e\" data-element_type=\"widget\" data-widget_type=\"button.default\">\r\n\t\t\t\t<div class=\"elementor-widget-container\">\r\n\t\t\t\t\t<div class=\"elementor-button-wrapper\">\r\n\t\t\t<a class=\"elementor-button elementor-button-link elementor-size-xs\" href=\"https:\/\/www.wibbo.de\/?page_id=436\">\r\n\t\t\t\t\t\t<span class=\"elementor-button-content-wrapper\">\r\n\t\t\t\t\t\t<span class=\"elementor-button-text\">Impressum<\/span>\r\n\t\t<\/span>\r\n\t\t\t\t\t<\/a>\r\n\t\t<\/div>\r\n\t\t\t\t<\/div>\r\n\t\t\t\t<\/div>\r\n\t\t\t\t<div class=\"elementor-element elementor-element-6b3ab3f9 elementor-button-info elementor-align-right elementor-widget elementor-widget-button\" data-id=\"6b3ab3f9\" data-element_type=\"widget\" data-widget_type=\"button.default\">\r\n\t\t\t\t<div class=\"elementor-widget-container\">\r\n\t\t\t\t\t<div class=\"elementor-button-wrapper\">\r\n\t\t\t<a class=\"elementor-button elementor-button-link elementor-size-xs\" href=\"https:\/\/www.wibbo.de\/?page_id=441\">\r\n\t\t\t\t\t\t<span class=\"elementor-button-content-wrapper\">\r\n\t\t\t\t\t\t<span class=\"elementor-button-text\">Datenschutz<\/span>\r\n\t\t<\/span>\r\n\t\t\t\t\t<\/a>\r\n\t\t<\/div>\r\n\t\t\t\t<\/div>\r\n\t\t\t\t<\/div>\r\n\t\t\t\t<\/div>\r\n\t\t<div class=\"elementor-element elementor-element-783e4957 e-flex e-con-boxed e-con e-child\" data-id=\"783e4957\" data-element_type=\"container\">\r\n\t\t\t\t\t<div class=\"e-con-inner\">\r\n\t\t\t\t<div class=\"elementor-element elementor-element-50904622 elementor-align-right elementor-widget elementor-widget-button\" data-id=\"50904622\" data-element_type=\"widget\" data-widget_type=\"button.default\">\r\n\t\t\t\t<div class=\"elementor-widget-container\">\r\n\t\t\t\t\t<div class=\"elementor-button-wrapper\">\r\n\t\t\t<a class=\"elementor-button elementor-button-link elementor-size-xs\" href=\"https:\/\/www.wibbo.de\/hilfe\" target=\"_blank\">\r\n\t\t\t\t\t\t<span class=\"elementor-button-content-wrapper\">\r\n\t\t\t\t\t\t<span class=\"elementor-button-text\">Erste Hilfe<\/span>\r\n\t\t<\/span>\r\n\t\t\t\t\t<\/a>\r\n\t\t<\/div>\r\n\t\t\t\t<\/div>\r\n\t\t\t\t<\/div>\r\n\t\t\t\t<div class=\"elementor-element elementor-element-61fd946f elementor-button-info elementor-widget elementor-widget-button\" data-id=\"61fd946f\" data-element_type=\"widget\" data-widget_type=\"button.default\">\r\n\t\t\t\t<div class=\"elementor-widget-container\">\r\n\t\t\t\t\t<div class=\"elementor-button-wrapper\">\r\n\t\t\t<a class=\"elementor-button elementor-button-link elementor-size-xs\" href=\"https:\/\/www.wibbo.de\/?page_id=448\">\r\n\t\t\t\t\t\t<span class=\"elementor-button-content-wrapper\">\r\n\t\t\t\t\t\t<span class=\"elementor-button-text\">Partner<\/span>\r\n\t\t<\/span>\r\n\t\t\t\t\t<\/a>\r\n\t\t<\/div>\r\n\t\t\t\t<\/div>\r\n\t\t\t\t<\/div>\r\n\t\t\t\t\t<\/div>\r\n\t\t\t\t<\/div>\r\n\t\t\t\t\t<\/div>\r\n\t\t\t\t<\/div>\r\n\t\t\t\t<\/div>\r\n\t\t","protected":false},"excerpt":{"rendered":"<p>Individuelle IT-L\u00f6sungen.Effizient und zuverl\u00e4ssig. +49 (0) 2373 94 66 66 6 Wibbo IT-Service Die Firma Wibbo IT-Service wurde zun\u00e4chst als Einzelunternehmen 2005 gegr\u00fcndet.Seit der Gr\u00fcndung absolvierten bei uns jedes Jahr Sch\u00fclerinnen und Sch\u00fcler ein mehrw\u00f6chiges Betriebspraktikum.Zudem konnten als anerkannter Ausbildungebetrieb mehreren Auszubildenden im IT-Bereich die Grundlagen und praktische Erfahrungen vermittelt werden. 2023 wurde das Einzelunternehmen [&hellip;]<\/p>\n","protected":false},"author":1,"featured_media":0,"parent":0,"menu_order":0,"comment_status":"closed","ping_status":"closed","template":"","meta":{"inline_featured_image":false,"ocean_post_layout":"full-screen","ocean_both_sidebars_style":"","ocean_both_sidebars_content_width":0,"ocean_both_sidebars_sidebars_width":0,"ocean_sidebar":"","ocean_second_sidebar":"","ocean_disable_margins":"enable","ocean_add_body_class":"","ocean_shortcode_before_top_bar":"","ocean_shortcode_after_top_bar":"","ocean_shortcode_before_header":"","ocean_shortcode_after_header":"","ocean_has_shortcode":"","ocean_shortcode_after_title":"","ocean_shortcode_before_footer_widgets":"","ocean_shortcode_after_footer_widgets":"","ocean_shortcode_before_footer_bottom":"","ocean_shortcode_after_footer_bottom":"","ocean_display_top_bar":"on","ocean_display_header":"on","ocean_header_style":"minimal","ocean_center_header_left_menu":"","ocean_custom_header_template":"","ocean_custom_logo":25,"ocean_custom_retina_logo":0,"ocean_custom_logo_max_width":0,"ocean_custom_logo_tablet_max_width":0,"ocean_custom_logo_mobile_max_width":0,"ocean_custom_logo_max_height":105,"ocean_custom_logo_tablet_max_height":0,"ocean_custom_logo_mobile_max_height":0,"ocean_header_custom_menu":"2","ocean_menu_typo_font_family":"","ocean_menu_typo_font_subset":"","ocean_menu_typo_font_size":2,"ocean_menu_typo_font_size_tablet":0,"ocean_menu_typo_font_size_mobile":0,"ocean_menu_typo_font_size_unit":"em","ocean_menu_typo_font_weight":"","ocean_menu_typo_font_weight_tablet":"","ocean_menu_typo_font_weight_mobile":"","ocean_menu_typo_transform":"","ocean_menu_typo_transform_tablet":"","ocean_menu_typo_transform_mobile":"","ocean_menu_typo_line_height":0,"ocean_menu_typo_line_height_tablet":0,"ocean_menu_typo_line_height_mobile":0,"ocean_menu_typo_line_height_unit":"","ocean_menu_typo_spacing":0,"ocean_menu_typo_spacing_tablet":0,"ocean_menu_typo_spacing_mobile":0,"ocean_menu_typo_spacing_unit":"","ocean_menu_link_color":"","ocean_menu_link_color_hover":"","ocean_menu_link_color_active":"","ocean_menu_link_background":"","ocean_menu_link_hover_background":"","ocean_menu_link_active_background":"","ocean_menu_social_links_bg":"","ocean_menu_social_hover_links_bg":"","ocean_menu_social_links_color":"","ocean_menu_social_hover_links_color":"","ocean_disable_title":"on","ocean_disable_heading":"default","ocean_post_title":"","ocean_post_subheading":"","ocean_post_title_style":"","ocean_post_title_background_color":"","ocean_post_title_background":0,"ocean_post_title_bg_image_position":"","ocean_post_title_bg_image_attachment":"","ocean_post_title_bg_image_repeat":"","ocean_post_title_bg_image_size":"","ocean_post_title_height":0,"ocean_post_title_bg_overlay":0.5,"ocean_post_title_bg_overlay_color":"","ocean_disable_breadcrumbs":"off","ocean_breadcrumbs_color":"","ocean_breadcrumbs_separator_color":"","ocean_breadcrumbs_links_color":"","ocean_breadcrumbs_links_hover_color":"","ocean_display_footer_widgets":"off","ocean_display_footer_bottom":"off","ocean_custom_footer_template":"","footnotes":""},"_links":{"self":[{"href":"https:\/\/www.wibbo.de\/index.php?rest_route=\/wp\/v2\/pages\/1911"}],"collection":[{"href":"https:\/\/www.wibbo.de\/index.php?rest_route=\/wp\/v2\/pages"}],"about":[{"href":"https:\/\/www.wibbo.de\/index.php?rest_route=\/wp\/v2\/types\/page"}],"author":[{"embeddable":true,"href":"https:\/\/www.wibbo.de\/index.php?rest_route=\/wp\/v2\/users\/1"}],"replies":[{"embeddable":true,"href":"https:\/\/www.wibbo.de\/index.php?rest_route=%2Fwp%2Fv2%2Fcomments&post=1911"}],"version-history":[{"count":68,"href":"https:\/\/www.wibbo.de\/index.php?rest_route=\/wp\/v2\/pages\/1911\/revisions"}],"predecessor-version":[{"id":335350,"href":"https:\/\/www.wibbo.de\/index.php?rest_route=\/wp\/v2\/pages\/1911\/revisions\/335350"}],"wp:attachment":[{"href":"https:\/\/www.wibbo.de\/index.php?rest_route=%2Fwp%2Fv2%2Fmedia&parent=1911"}],"curies":[{"name":"wp","href":"https:\/\/api.w.org\/{rel}","templated":true}]}}